hen 359279414 is divided by 28.
18
Calculate the remainder when 18647956 is divided by 10.
6
Calculate the remainder when 568204 is divided by 2631.
2539
What is the remainder when 36921 is divided by 1371?
1275
Calculate the remainder when 163427 is divided by 32667.
92
What is the remainder when 95799042 is divided by 2767?
2735
Calculate the remainder when 261755 is divided by 125.
5
Calculate the remainder when 35693 is divided by 927.
467
Calculate the remainder when 403314260 is divided by 36.
32
What is the remainder when 34379 is divided by 1600?
779
What is the remainder when 1595517 is divided by 2557?
2506
What is the remainder when 4746840 is divided by 107?
106
Calculate the remainder when 264830 is divided by 33101.
22
Calculate the remainder when 29224244 is divided by 8326.
8310
Calculate the remainder when 10379831 is divided by 80.
71
Calculate the remainder when 3153324 is divided by 550.
174
Calculate the remainder when 289541 is divided by 57742.
831
What is the remainder when 11851527 is divided by 10?
7
Calculate the remainder when 17219608 is divided by 17219596.
12
Calculate the remainder when 1909079 is divided by 567.
557
What is the remainder when 6595858 is divided by 13379?
11
What is the remainder when 106776 is divided by 15150?
726
What is the remainder when 10606059 is divided by 24?
3
Calculate the remainder when 81777047 is divided by 644.
639
What is the remainder when 78650 is divided by 14985?
3725
What is the remainder when 359705 is divided by 357496?
2209
Calculate the remainder when 270274458 is divided by 288.
282
What is the remainder when 1341866 is divided by 447174?
344
What is the remainder when 429706 is divided by 71598?
118
What is the remainder when 8471979 is divided by 34?
29
What is the remainder when 109582 is divided by 287?
235
Calculate the remainder when 348598 is divided by 87144.
22
Calculate the remainder when 13142302 is divided by 126.
124
What is the remainder when 367387 is divided by 967?
894
Calculate the remainder when 251996276 is divided by 17999734.
0
What is the remainder when 526012 is divided by 1789?
46
Calculate the remainder when 162967 is divided by 161299.
1668
What is the remainder when 53148 is divided by 10615?
73
Calculate the remainder when 2353617 is divided by 470701.
112
Calculate the remainder when 241583 is divided by 49.
13
What is the remainder when 237740 is divided by 1724?
1552
Calculate the remainder when 1536566 is divided by 33.
20
What is the remainder when 40490 is divided by 2127?
77
Calculate the remainder when 203094 is divided by 67554.
432
Calculate the remainder when 570438 is divided by 2424.
798
What is the remainder when 185620671 is divided by 1504?
1503
Calculate the remainder when 4066428 is divided by 20434.
62
What is the remainder when 222650 is divided by 647?
82
What is the remainder when 56618 is divided by 602?
30
What is the remainder when 13240006 is divided by 70?
66
Calculate the remainder when 45740887 is divided by 99.
16
What is the remainder when 200144 is divided by 2900?
44
What is the remainder when 14347889 is divided by 213?
209
Calculate the remainder when 189290985 is divided by 3.
0
What is the remainder when 100968 is divided by 8408?
72
Calculate the remainder when 71389 is divided by 339.
199
What is the remainder when 1443891 is divided by 16223?
44
Calculate the remainder when 2084128 is divided by 17662.
12
What is the remainder when 78399 is divided by 78033?
366
What is the remainder when 88451051 is divided by 335?
331
What is the remainder when 241793473 is divided by 42?
19
What is the remainder when 39597881 is divided by 43?
41
Calculate the remainder when 158091 is divided by 2027.
2012
Calculate the remainder when 380989 is divided by 94732.
2061
Calculate the remainder when 3320223 is divided by 34227.
204
What is the remainder when 5340169 is divided by 216?
1
What is the remainder when 4375817 is divided by 13260?
17
Calculate the remainder when 108286641 is divided by 505.
501
Calculate the remainder when 122050 is divided by 24410.
0
What is the remainder when 15697179 is divided by 293?
290
What is the remainder when 720140 is divided by 1056?
1004
Calculate the remainder when 1331529 is divided by 146.
9
Calculate the remainder when 26699 is divided by 1046.
549
What is the remainder when 258378 is divided by 1090?
48
Calculate the remainder when 12058226 is divided by 239.
198
Calculate the remainder when 24593741 is divided by 6889.
11
What is the remainder when 5195769 is divided by 168?
33
What is the remainder when 10449894 is divided by 1454?
1450
Calculate the remainder when 235203 is divided by 1083.
192
Calculate the remainder when 522184 is divided by 135.
4
Calculate the remainder when 271890 is divided by 271854.
36
What is the remainder when 18645 is divided by 921?
225
Calculate the remainder when 15893496 is divided by 69.
36
Calculate the remainder when 59080324 is divided by 5908032.
4
What is the remainder when 32543 is divided by 1741?
1205
What is the remainder when 10090850 is divided by 47?
44
What is the remainder when 29023 is divided by 9263?
1234
Calculate the remainder when 327734 is divided by 594.
440
What is the remainder when 283662 is divided by 869?
368
What is the remainder when 892326 is divided by 5898?
1728
Calculate the remainder when 8359276 is divided by 282.
232
Calculate the remainder when 112581331 is divided by 7.
2
Calculate the remainder when 27164 is divided by 1322.
724
Calculate the remainder when 2918249 is divided by 2735.
4
What is the remainder when 7339394 is divided by 1621?
1127
Calculate the remainder when 388983 is divided by 1621.
1564
Calculate the remainder when 358604 is divided by 89.
23
What is the remainder when 325177 is divided by 3255?
2932
Calculate the remainder when 40460507 is divided by 3609.
8
What is the remainder when 2860698 is divided by 22?
16
Calculate the remainder when 2930367 is divided by 223.
147
What is the remainder when 12433804 is divided by 223?
216
What is the remainder when 7289615 is divided by 3234?
179
What is the remainder when 161297 is divided by 15698?
4317
Calculate the remainder when 379928 is divided by 94933.
196
Calculate the remainder when 20003 is divided by 19631.
372
What is the remainder when 365388 is divided by 365386?
2
Calculate the remainder when 881858 is divided by 2390.
2338
Calculate the remainder when 306389 is divided by 4940.
109
Calculate the remainder when 759090 is divided by 836.
2
Calculate the remainder when 53014 is divided by 1316.
374
Calculate the remainder when 6763427 is divided by 95.
92
What is the remainder when 114443239 is divided by 20?
19
What is the remainder when 207517 is divided by 41474?
147
Calculate the remainder when 2017844 is divided by 50.
44
What is the remainder when 2182264 is divided by 114827?
551
Calculate the remainder when 1893843 is divided by 1893713.
130
Calculate the remainder when 3480363 is divided by 6542.
19
Calculate the remainder when 3458648 is divided by 8314.
24
Calculate the remainder when 33473 is divided by 3645.
668
Calculate the remainder when 281996 is divided by 130.
26
Calculate the remainder when 670334 is divided by 1338.
1334
Calculate the remainder when 9349769 is divided by 1532.
1505
Calculate the remainder when 279809 is divided by 37990.
13879
What is the remainder when 37287059 is divided by 159?
128
What is the remainder when 43190387 is divided by 1866?
1817
Calculate the remainder when 1514870 is divided by 939.
263
What is the remainder when 71763 is divided by 1071?
6
What is the remainder when 17474917 is divided by 1588628?
9
Calculate the remainder when 23977550 is divided by 999064.
14
What is the remainder when 122789055 is divided by 64?
63
Calculate the remainder when 278497 is divided by 7721.
541
What is the remainder when 216900 is divided by 3337?
3332
What is the remainder when 10652 is divided by 10385?
267
What is the remainder when 691298276 is divided by 6852?
6848
What is the remainder when 40619 is divided by 990?
29
What is the remainder when 21454325 is divided by 1012?
937
What is the remainder when 3242585 is divided by 810640?
25
What is the remainder when 79524 is divi